-2. Suppose 5*s - 316 - 324 = u. What is the hundreds digit of s?
1
Let x = 89 - 104. What is the tens digit of x/(-6)*(-4)/5 + 96?
9
Suppose 34*i - 69 = 203. What is the units digit of i?
8
Let r = 73 + -146. Let s = r - -114. What is the tens digit of s?
4
Let f(l) = 49*l**2 + 3. Let b be f(-3). Suppose 5*i = q + b, i = -0*i - 4*q + 93. What is the tens digit of i?
8
Let p be 12/(-54) + 4/18. Suppose p = -2*g + 10 - 0. Suppose -g*f = -f - 88. What is the units digit of f?
2
Let y(s) = -2*s + 3. Let n be y(3). Let w be 0 - n - (-1 - -1). Suppose -w*v = -v - 56. What is the tens digit of v?
2
Suppose 3*l = 4*m - 1852, 4*l + 1153 = 5*m - 1162. What is the tens digit of m?
6
Let y = -107 - -1056. What is the units digit of y?
9
Let o be (5 - 92/20)*(277 - 2). Suppose -42*b = -41*b - o. What is the tens digit of b?
1
Suppose -8*c + 5*o = -12*c + 2184, 3*o + 2693 = 5*c. What is the units digit of c?
1
Suppose 11*o = 25162 + 39518. What is the units digit of o?
0
Suppose 16*h - 2*h = 1092. What is the units digit of h?
8
Suppose 3*y - 11 = 4. Suppose -x - i - 7 = -6*i, i = 2*x + y. What is the units digit of 2*((-39)/(-6) - x)?
7
Suppose 42*n + 20042 = 53*n. What is the thousands digit of n?
1
Suppose 0*v = 4*v - 68. What is the tens digit of v?
1
What is the hundreds digit of 7362/4 + -2*105/84?
8
Let x(k) = -2*k**3 - k + 1. Let w = -4 + 3. Let j be -2*1 - 0/w. What is the tens digit of x(j)?
1
Let g(i) = -i - 15. Let t be g(-5). Let d be (0 + 1)/(t/50). What is the tens digit of ((-4)/d)/((-23)/(-345))?
1
Suppose 30*s - 4*p = 27*s + 7310, s + 3*p - 2454 = 0. What is the thousands digit of s?
2
What is the units digit of (11282/3 - 2)*72/48?
8
Let d be ((-3)/(-2))/(4/8). Suppose -d*m + 2 - 14 = 0. Let k = 30 + m. What is the units digit of k?
6
Suppose 3*f - 2*b - 23 - 21 = 0, -59 = -3*f - b. Let c be (-22)/f - (-4)/18. Let o(r) = -47*r**3 + 2*r**2 + 2*r + 1. What is the tens digit of o(c)?
4
Let x be 9*1*14/6. Suppose 0 = -4*m - r + 15, -3*r - 13 = -2*m + 2*r. Let d = x - m. What is the units digit of d?
7
Let a(c) = -29*c - 64. What is the hundreds digit of a(-10)?
2
Let d = 115 - 61. Let j = d + 117. What is the units digit of j?
1
What is the tens digit of (-2 - (1 + -1))/(10/(-5455))?
9
Let d(y) = y**2 + 8*y - 6. Let f be d(-8). Let g(m) = 2*m**2 - 8*m. Let a be g(f). Suppose 0 = 2*r + x - 6*x - 31, -4*x = -5*r + a. What is the tens digit of r?
2
Let w(g) = 15*g - 224. Let j(s) = -5*s + 75. Let d(y) = -8*j(y) - 3*w(y). What is the tens digit of d(0)?
7
Let u = -35 + 179. Let l be (2/(-4))/((-8)/u). What is the units digit of ((-246)/(-9))/(6/l)?
1
Suppose -4*o + 2*o + t = -1, -4*o - 4*t - 28 = 0. Let p be o/4 - 10/4. Let n = 11 + p. What is the units digit of n?
8
Let j(p) = p**3 - 4*p**2 - 7*p + 5. Let o be j(5). Let g(w) = -4*w + 95. Let y be g(19). Let f = y + o. What is the units digit of f?
4
What is the hundreds digit of 152250/546 + (-4)/(-26)?
2
What is the thousands digit of (5353/106)/((1 + 0)/38)?
1
Let x = -51 + 46. Let w(b) = -27*b - 18. What is the units digit of w(x)?
7
Suppose -288 = -20*x + 172. What is the units digit of x?
3
Suppose 0 = -6*m - m + 91. Suppose 2*u - m = -s, -7*s + 25 = 4*u - 4*s. Suppose 5*g - u = 33. What is the units digit of g?
8
Suppose 42063 = -9*b + 30*b. What is the thousands digit of b?
2
Suppose -d + 10 = 4*d. Suppose 2*w + d*w = -5*a + 131, -2*a + 56 = -2*w. Let j = a + -23. What is the units digit of j?
4
Let b(l) be the second derivative of -l + 0 - 3/2*l**2 + 1/6*l**4 + 1/3*l**3 + 3/20*l**5. What is the units digit of b(2)?
3
Suppose -q - q = -4. Suppose -4*a - q = 2, 5*n = -2*a + 68. What is the tens digit of n?
1
Let p be 60 - (1 + -1)/3. Let n be (304/(-6))/(20/p). What is the units digit of n/(-4)*3/2?
7
Let o(i) = -i**3 - 9*i**2 - 6*i - 4. Let s be o(-8). Suppose 3*h = c + 4*h - 26, 5*h = 3*c - 86. Let g = c + s. What is the units digit of g?
7
Suppose 5*u - 11 = 4, 5*p - 3*u = 1431. Suppose 0 = 4*y + 4*k - 472, 3*k - p = 5*y - 910. What is the hundreds digit of y?
1
Let n(m) = -156*m**3 - 5*m**2 + m + 6. What is the hundreds digit of n(-2)?
2
Suppose -7*x + 5*i + 3986 = -5*x, -3*x - 4*i + 5933 = 0. What is the units digit of x?
3
Suppose 22 = 3*r - 5*l, 10 = 5*r - 0*r + 5*l. Suppose 2*n + 16 = m, r*m + 5*n - 114 = 3*n. What is the units digit of m?
6
Let z be ((-6)/(-1))/(-2) - -54. Let d = z + 10. What is the tens digit of d?
6
Let j(r) = -6*r**3 - r**2 - r - 1. Let w be j(-1). Suppose -9 = 2*i - i + 2*z, i + w*z - 3 = 0. Let b = i + 87. What is the units digit of b?
0
Suppose -4*i + 2 = -6. Let p(q) = -6*q**2 + 45*q - 40. Let m(j) = -j**2 + 9*j - 8. Let g(n) = i*p(n) - 11*m(n). What is the units digit of g(-9)?
8
Let k(l) be the third derivative of 0*l - 6*l**2 + 0 + 1/24*l**4 + 7/3*l**3. What is the units digit of k(-12)?
2
Let o(c) = 8*c**3 + 2*c**2 - 16*c + 86. What is the hundreds digit of o(7)?
8
Let v(z) = -z**3 + 20*z**2 - 10*z + 33. What is the hundreds digit of v(9)?
8
Suppose -3*o = m - 208, 21 + 339 = 5*o - 5*m. Let w = -67 + o. What is the units digit of w?
3
What is the units digit of 5288/(8 + 0) + (-8)/(-2)?
5
Suppose 72696 = 87*z - 60501. What is the units digit of z?
1
Suppose 0*q + 3*q = o + 13, -3*q = o - 17. Suppose -o*z + 22 = -z. What is the units digit of z?
2
Let k be 11 + -9 + 4*1. Let g(f) = -5 + k*f + 4 + 5 - 2*f. What is the units digit of g(5)?
4
Let v be (-26)/(-1)*(-15)/(-6). Let l be (v/13)/(0 - -1). Suppose 116 = 5*f - 2*c, 4*f - l*c - 42 = 61. What is the units digit of f?
2
Let m(z) = -40*z - 284. What is the units digit of m(-50)?
6
Let h = -109 + 268. Let l = h - 70. What is the tens digit of l?
8
Suppose -6*s - 4*g = -2*s + 20, -2*s + 5*g + 25 = 0. Let z be 1 + 7 + -3 + s. Suppose -2*x + 13 = 4*b - 7, -5*x = -z*b - 20. What is the units digit of x?
6
Suppose -6*v - v + 35 = 0. Suppose -v*h + 250 = -405. What is the hundreds digit of h?
1
Suppose d - 3 = -1. Let n(y) = 7*y - 13 - 4*y + 10 - y + 4*y**2. What is the units digit of n(d)?
7
What is the tens digit of 24/((-2)/(152/(-4)))?
5
Suppose -4*n = -9*n + 60. Let p = 18 - n. Suppose -p*g + 5*g = -5. What is the units digit of g?
5
Let y(n) be the first derivative of n**3/3 + 17*n**2/2 - 17*n + 9. What is the units digit of y(-19)?
1
Suppose 2*v + 27 = 35. What is the tens digit of 159 - (4 - v - -4)?
5
Let m(r) = -136*r + 171. What is the tens digit of m(-6)?
8
Suppose -49150 = -21*k - 4*k. What is the thousands digit of k?
1
Let m = 438 - -676. What is the hundreds digit of m?
1
Let p = -54 - -50. What is the units digit of p + 7/((-21)/(-102))?
0
Let u(b) = -b**3 + 8*b**2 - 10*b - 11. What is the thousands digit of u(-9)?
1
Let v = 38 - 35. Suppose -v*s + 6*s - 2*a - 542 = 0, 2*s + 3*a = 357. What is the tens digit of s?
8
Suppose 5*u + 323 = 123. What is the units digit of ((-2)/(-3))/(u/(-1620))?
7
Let f(m) = -m**3 + 11*m**2 + m + 11. Suppose 5*d + n - 25 = 6*n, -4*n + 4 = 2*d. Suppose 0 = -k + d*c + 31, 0*k - c = k - 6. What is the units digit of f(k)?
2
Suppose f + 18*f - 8892 = 0. What is the hundreds digit of f?
4
Let l(v) = -2*v**3 + 2*v**2 + 16*v + 9. What is the units digit of l(-5)?
9
Let u be 19 + -9 - 3/((-3)/(-4)). Suppose -u*o + 444 - 132 = 0. What is the tens digit of o?
5
What is the units digit of (-119)/(-13) + -9 - 245/(-13)?
9
Let q = -17 - -27. Suppose q = 3*r + 4*o - 115, 3*r = 4*o + 85. What is the units digit of r?
5
Suppose 11*z - 7396 - 4209 = 0. What is the hundreds digit of z?
0
Let l(v) = 50*v + 376. What is the thousands digit of l(21)?
1
Suppose -4*d + 11293 = -0*d - 3*w, d + 4*w - 2828 = 0. What is the tens digit of d?
2
Suppose -j = 5*q - 3*j - 314, q - 2*j - 66 = 0. Let c = 42 - q. Let w = 64 + c. What is the tens digit of w?
4
Let x(k) = k**3 - 3*k**2 - 4*k - 3. Let i be x(4). Let u be (-90)/10*(-2)/i. What is the units digit of 2/(-4) - 93/u?
5
Let u(p) = -p**3 - 2*p - 1. Suppose -2*i + 3*o = -6*i, -i - 5*o = -17. Let a be u(i). Suppose a = 2*z - 48. What is the units digit of z?
0
What is the tens digit of (-12)/42 + ((-2487)/(-7) - -4)?
5
Let y(q) be the second derivative of -2*q**3/3 - 16*q**2 - 7*q. What is the units digit of y(-10)?
8
Let w = 311 + -275. What is the tens digit of w?
3
Suppose 3*z = 3 + 6. Suppose 0 = -z*l - y + 249, 3*l - 249 = -4*y + 